e greatest common divisor of l and 4?
4
Let z(t) = 3*t + 4. Let l be z(10). Calculate the highest common factor of l and 85.
17
Let x be 4/(-18) + 195/27. Let b(g) = -g**2 + 7*g - 8. Let y be b(x). Let j = 12 - y. What is the greatest common factor of j and 40?
20
Suppose -5*u + 2*b + 49 = 0, 3*b - 17 = -2*u + 14. Let h(a) = 2*a**3 - 3*a**2 - a - 2. Let q be h(3). Calculate the highest common factor of q and u.
11
Let a = -12 - 65. Let i = a + 252. What is the highest common divisor of 25 and i?
25
Let b(l) = 15*l - 12. Let m be b(2). Calculate the highest common divisor of m and 9.
9
Suppose -2*p + 2 = k, 0 = 5*k - p + 8 - 29. Suppose -k*n + 6*n = 112. What is the highest common factor of 28 and n?
28
Let b = -31 - -43. What is the greatest common divisor of 12 and b?
12
Suppose -b + 9 + 4 = 0. What is the greatest common divisor of b and 91?
13
Let q(w) = 8*w + 4. Let i be 8/10*10/4. Let r be q(i). Calculate the greatest common divisor of 4 and r.
4
Suppose 50*k = 52*k - 400. What is the highest common divisor of k and 50?
50
Let j = 8 - 6. Suppose -4*y - y = -j*i - 7, -5*y = -15. Let k be i/(-20) - 111/(-5). What is the highest common factor of k and 22?
22
Suppose 3*c - 17 = -2*q, -18 = -4*c - q + 3*q. Let n = -3 + c. Suppose 6 = 4*g + 2*h - 4, -g = -2*h - 10. What is the highest common factor of n and g?
2
Suppose 0 = -3*p + 5*a - 6, -a - 10 = 5*p + a. Let c be (0/(-4))/(2/p). Let f be 6 - (c - 3)*-1. What is the highest common factor of f and 30?
3
Suppose 0 = q - 3*q + 26. What is the greatest common divisor of q and 26?
13
Let v be -2 - (-1 + 1*-31). Let h be (13 - 4)/(-3 + 2). Let a be (-80)/6*h/6. What is the greatest common factor of v and a?
10
Suppose u = -z + 12 + 11, 20 = 4*u. Calculate the greatest common factor of 45 and z.
9
Let v be 1/((-21)/15)*-7. Let b(g) = 6*g + 15. Let z be b(v). Suppose -23 - 13 = -2*l. Calculate the highest common factor of z and l.
9
Let d = 3 + -5. Let k be 2/4 - (-11)/d. Let w be (13/(-2))/(k/10). Calculate the greatest common divisor of 65 and w.
13
Let j = 282 - 243. Suppose 3*o + 146 = o. Let w = -47 - o. What is the highest common factor of w and j?
13
Suppose -5*c + 355 = 3*s, -4*c + 583 = 4*s + s. What is the highest common divisor of 46 and s?
23
Let c(l) = -3*l + 6. Suppose -6*j + 15 = -j. Let v be ((-4)/j)/((-8)/(-60)). Let x be c(v). What is the highest common factor of x and 12?
12
Let k = 416 + -248. What is the greatest common factor of k and 24?
24
Suppose 32 = 2*w - w + g, 2*w = -g + 69. What is the greatest common divisor of 37 and w?
37
Suppose 2*t = 48 - 12. Suppose 108 = -3*g + 36. Let f be g*(-3 + 0)/6. What is the greatest common factor of t and f?
6
Suppose 2*l - 25 = -2*r + 29, -5*l = -2*r + 33. Calculate the greatest common divisor of 216 and r.
24
Suppose 26*n + 176 = 28*n. Suppose -3*y = -5*p - 53, 0*y + 2*y + 2*p = 14. Calculate the greatest common divisor of y and n.
11
Suppose -2*y + 6*y = 408. Let l = y - 32. Calculate the highest common divisor of l and 10.
10
Suppose -a - 4*a - q = -75, -a + 34 = 4*q. Calculate the highest common divisor of a and 70.
14
Let h(y) = y**2 - 2*y + 42. Let j be h(9). Calculate the highest common divisor of j and 21.
21
Let h be ((-45)/36)/(1/(-20)). Calculate the highest common factor of 275 and h.
25
Let r be 1/(-3) + (-56)/21. Let a be (-5 - (0 + r)) + 26. Calculate the greatest common divisor of 8 and a.
8
Let j(w) = -4*w - 9. Let i be j(-7). What is the highest common factor of 19 and i?
19
Suppose 3*u - 192 = -3*k, -319 = -3*u - 2*u - 4*k. Calculate the highest common divisor of u and 9.
9
Let f(w) = -w**2 + 8*w + 5. Let z be f(7). Suppose -5*u = -2*g + 198, 5*g - 6*u = -u + 495. Let a = g + -51. What is the highest common factor of a and z?
12
Let c be 9 - 7 - (-800)/1. Suppose 5*u - c = -82. What is the greatest common factor of 16 and u?
16
Let m be (3 - -12) + 3 + -1. What is the highest common factor of 187 and m?
17
Suppose -3*r + 8*r = 35. Suppose -k + 11 = -r. Let i be -9*2/(-4)*k. What is the highest common divisor of 9 and i?
9
Suppose 0*g = -5*g - 2*s + 39, -3*g - 4*s = -29. Suppose g*m + 84 = 3*m. Let p = 54 + m. What is the highest common factor of p and 11?
11
Let q be (-9)/((-10)/(-16) - 1). Let h(l) = l**2 + 4*l + 4. Let m be h(-4). Suppose 6*f - m*f = 16. Calculate the highest common factor of f and q.
8
Let j be 8/2 + 1*2. Let u be 4/(-3)*j/4. Let a(l) = l**3 + 3*l**2 + 2*l + 2. Let t be a(u). Calculate the highest common factor of t and 18.
2
Let g(i) = -2*i**2 - 2*i + 1. Let j be g(-2). Let h be 8/(j/(-9)*3). Calculate the highest common factor of 24 and h.
8
Let t(x) = x**3 + 9*x**2 + 6*x - 13. Let u be t(-8). Suppose -3*k = -7*k, 4*k - 30 = -5*q. What is the highest common factor of q and u?
3
Let t be 1*3/((-9)/(-21)). Calculate the highest common divisor of t and 1.
1
Let n be 12 + -2*(-3)/(-6). Let k = n + -7. Suppose k*j - 100 = 56. What is the highest common divisor of j and 13?
13
Let k = 8 + -2. Calculate the greatest common factor of k and 15.
3
Suppose -6*u + 4*u = 0. Suppose 4*q + 2*l - 39 = l, u = -3*q + 3*l + 18. Suppose 4*n - 54 = n. What is the greatest common divisor of n and q?
9
Let y(r) = -22*r - 28. Let w be y(-10). Calculate the highest common divisor of 24 and w.
24
Let i = -5 - -7. Let w be i/(-7) - (-326)/14. Calculate the greatest common divisor of 138 and w.
23
Suppose -49 + 121 = 6*i. What is the highest common factor of 132 and i?
12
Suppose -5*h = 4*m - 11 - 7, -5*m - 3*h = -29. Calculate the highest common factor of m and 63.
7
Let x be (-12)/(-4)*(-1)/6*-22. Let t be -11*(1 + -1 + -1). What is the highest common divisor of x and t?
11
Let o = 0 - -5. Let r = 77 - o. What is the highest common divisor of 18 and r?
18
Suppose -5*c = -3*z + 11, 5*z - 3*c + 1 = 14. Suppose z*a - 60 = -a. Let s(q) = 4*q. Let l be s(2). Calculate the highest common divisor of a and l.
4
Let u be -8*((-5)/((-40)/(-18)) + 0). Calculate the greatest common divisor of u and 27.
9
Suppose 0*t - 17 = -2*t - h, 4*h + 4 = t. Let d(l) = 3*l**2 + 4*l - 3. Let j be d(1). What is the greatest common factor of j and t?
4
Suppose -4*t = -3*j + 30, 2*j - 5*t - 21 = j. Let f be ((-22)/j)/(1/3). Let x be f/(((-3)/(-21))/(-1)). What is the greatest common factor of x and 7?
7
Let y be 7 + 22/(-33)*(-6)/(-4). Let i = -5 + 11. Calculate the highest common divisor of y and i.
6
Suppose 5 = -5*v + 15. Suppose -4*k = -c + 20, -v*k + 3*k = 4*c - 50. Suppose -87 = 6*z - 159. What is the greatest common factor of z and c?
12
Suppose 0*f = -3*f - 3. Suppose 16 = 4*d + 2*m - 38, -4*d + 42 = -2*m. Let s be f/9*-3*d. What is the highest common factor of 12 and s?
4
Let s(d) = 28*d - 3. Let f be s(6). Calculate the greatest common divisor of 33 and f.
33
Let s = -6 + 9. Suppose -24 = -f + s*j - 3, -4*j - 14 = f. Let d be (-4)/(-3 + 1)*3. What is the highest common divisor of f and d?
6
Let j = 309 + -149. Calculate the greatest common factor of j and 20.
20
Suppose 4*f + 0*f - 8 = 0. Let j be (-4)/(-14) + (-4)/14. Suppose 0 = -j*z + 2*z - 2. What is the highest common factor of z and f?
1
Let i = -6 - -10. Let b be i*18*(-2)/(-4). What is the greatest common factor of 18 and b?
18
Let s be 2*1 + 0 + 118. Let m(j) = 3*j**3 + 3*j**2 - 2*j - 1. Let z be m(2). Suppose -5*c + 44 = -z. Calculate the highest common factor of c and s.
15
Let u(p) = -p**3 + 6*p**2 + 6*p + 4. Suppose -19 - 11 = -5*b. Let v be u(b). Let k = -4 - -9. Calculate the highest common factor of k and v.
5
Let y(j) = 2*j**2 + 8*j + 4. Let g be y(-5). Suppose -4*w = -g - 18. What is the highest common divisor of w and 88?
8
Let i = -42 + 44. Calculate the highest common divisor of i and 5.
1
Let x = 20 - 24. Let u be (-11 - -1)/(-6 - x). Calculate the greatest common divisor of 15 and u.
5
Let s be 4 + 1/2*6. What is the highest common divisor of 49 and s?
7
Let h(t) = 13*t**3 + t - 1. Let s be h(1). Suppose 22 + 29 = 3*o. Let a = o - -22. What is the greatest common factor of s and a?
13
Suppose 8*d = 10*d - 12. Suppose 2*x - 35 - 65 = -5*c, -5*x = -25. Calculate the greatest common factor of c and d.
6
Let l be (-1 - -5)*5/10. Suppose -3*u - 3 = 0, l*c + 3*u = 5*u + 20. What is the highest common divisor of c and 63?
9
Let y = -24 + 25. Let z be 18 + (3 - y - 2). W